-5)?
12
Suppose -j + 2*l - 5 = l, 4*j = -2*l + 4. Let i = 45 + j. What is the remainder when i is divided by (-5)/(4/6 - 1)?
14
Let l = -21 - -33. Let p = -38 - -68. Calculate the remainder when p is divided by l.
6
Suppose -12*y + 29 = -103. Let x(v) = 8*v - 3. Calculate the remainder when x(3) is divided by y.
10
Suppose -2*u - 3*u + 325 = 0. Let r = -1331 + 1364. What is the remainder when u is divided by r?
32
Suppose 4 + 4 = s. Suppose -70 = -52*j + 42*j. Calculate the remainder when s is divided by j.
1
Suppose -4*q + 3*p + 117 + 0 = 0, 0 = 4*q + 5*p - 157. Calculate the remainder when 72 is divided by q.
6
Let o = 273 + -402. Let f = o + 217. What is the remainder when f is divided by 30?
28
Suppose 5*f - 4*v = -2*v + 53, 4*v = -f + 15. What is the remainder when 56 is divided by f?
1
Suppose u - 62 = -u. Let m be (-40 + 2)/(-3 - -2). Suppose -8*p + m = -26. Calculate the remainder when u is divided by p.
7
Let d = 423 + -293. What is the remainder when d is divided by 30?
10
Suppose 16 = 4*j - 12. Let c(x) = x**3 + 14*x**2 - 17*x. Calculate the remainder when c(-15) is divided by j.
2
Suppose -2*t - 78 = -2*m, -m + 5*t = 2*m - 119. What is the remainder when 94 is divided by m?
18
Let t(c) = c**2 - 18*c - 42. Let o be t(20). What is the remainder when (2 - o - 4) + 249/1 is divided by 42?
39
Let r(t) = -3*t**2 + 0*t**2 + 3*t**2 - 6 - t**2 + 17*t. Calculate the remainder when r(12) is divided by 14.
12
Let q(n) = 31 + 6*n - 3*n - 61. Calculate the remainder when q(14) is divided by 4.
0
Let d(n) = -n**2 + 4*n + 109. Let v(b) = 3*b - 6. What is the remainder when d(-7) is divided by v(5)?
5
Suppose 3*a - 1195 = -2*w, 0 = -5*a - 3*w + 669 + 1322. Calculate the remainder when a is divided by 50.
47
Suppose -6*u = -3*u - 3. Let b = 3 - u. Calculate the remainder when 34 is divided by b - 2*-9 - 2.
16
Suppose 46*n - 49*n + 151 = k, -k = 5*n - 143. Calculate the remainder when 176 is divided by k.
13
Calculate the remainder when (-534)/1157 - 227/(-13) is divided by (8/10)/((-2)/(-10)).
1
Let n = 4 - -6. Let r = 3 + 145. Suppose r = 3*o + o. Calculate the remainder when o is divided by n.
7
Suppose -5*k - 3*k = 520. Let p = k - -71. Calculate the remainder when 11 is divided by p.
5
Let u be ((-6)/9)/(2/(-15)). Suppose u*i + 3*f + 79 + 130 = 0, -2*i + 2*f - 90 = 0. What is the remainder when i/(-3)*(5 + -2) is divided by 15?
13
Suppose 21*u + 44*u = 2015. What is the remainder when 158 is divided by u?
3
Let q = -13 - -20. Suppose -q*a - 60 = -12*a. What is the remainder when 21 is divided by a?
9
What is the remainder when ((-3)/9 - 0)/((-4)/84) is divided by 1?
0
Let u(n) = -9*n**2 + 2*n + 2. Let x be u(-3). Let i = x - -153. Let m = -25 + i. Calculate the remainder when m is divided by 15.
13
Let o = 13 - 8. Let v(k) = 20*k**2 - 5*k + 0*k + o*k. What is the remainder when 38 is divided by v(-1)?
18
Let n be (-8)/(-24) + 2/3. Suppose 3*u - 17 = -2*r - 0*r, 2*r = 3*u - n. Suppose -2*t + 185 = u*t. Calculate the remainder when t is divided by 20.
17
Let c = -8 - -14. Suppose -2*y + 5*t + 21 = 0, -2*t - 11 = -y - 0*t. Let u = y - c. What is the remainder when 27 is divided by u?
6
Let b(r) = -r**2 + 16*r - 8. Let f be b(12). What is the remainder when 94 is divided by -1 + f/((-6)/(-3))?
18
Suppose -19*m = -9*m - 470. What is the remainder when 174 is divided by m?
33
Let n(y) = -5*y - 34. Let h be n(-7). Suppose -4*z + 39 = -h. What is the remainder when 28 is divided by z?
8
Let i(r) = r**3 + 9*r**2 - 6*r - 23. Calculate the remainder when i(-7) is divided by 15.
12
What is the remainder when (14/8)/(47/4324) is divided by 55?
51
Let w(t) = -11*t - 10 + 27*t - 12*t. What is the remainder when 55 is divided by w(6)?
13
Let y(b) = b**3 - 14*b**2 - 11*b - 22. Let w(l) = -21*l**3 - 2*l**2 - l. Calculate the remainder when y(15) is divided by w(-1).
18
What is the remainder when (-35*(-3)/(-12))/((-6)/24) is divided by 13?
9
Let n = -300 - -716. What is the remainder when n is divided by 11?
9
Calculate the remainder when (-13481)/(-20) - (-136)/(-2720) is divided by 15.
14
Suppose 3*o - 13 = -2*n, -5*n + 3*o = -n - 17. Suppose -2*m - 2*m + 29 = d, -5*m = -n*d + 120. Calculate the remainder when 91 is divided by d.
16
Let h = 59 + -59. Suppose 2*k + 4 - 8 = h. Suppose -3*l = -4*c - 22, 2*l - 8 = -2*c + 3*c. Calculate the remainder when l is divided by k.
0
Suppose 2*h - 9 = -3*g, -8*h + 4*h + 3*g = -45. Let i(n) = n**3 + 7*n**2 - n - 7. What is the remainder when i(-6) is divided by h?
8
Suppose 4*u = -0*u + 80. Suppose 0 = -b - 33 + 98. Let v = b - -32. What is the remainder when v is divided by u?
17
Suppose 10*n = 50 + 270. What is the remainder when 391 is divided by n?
7
Let x = -261 - -275. What is the remainder when x is divided by 5?
4
What is the remainder when 36 is divided by ((-188)/8 + 10)*(-16)/6?
0
Let u(h) = 34*h**3 + h - 1. Let c be 2 + -2 + 4 + -1. Suppose -3*n = -33 - c. What is the remainder when u(1) is divided by n?
10
Suppose 0 = 5*x + 4*k - 159 - 299, -3*x - k = -279. What is the remainder when 179 is divided by x?
85
Suppose -2*v = -p + 2, 5*v - 3 - 1 = -2*p. Suppose -5*n + p*n = -201. Calculate the remainder when n is divided by 14.
11
Suppose -4*d - 97 = -3*i - 35, i - 34 = 4*d. What is the remainder when 46 is divided by (-810)/(-42) + -3 + (-4)/i?
14
Let f(t) = -3*t + 5. Let w be f(-5). Let k = 33 - w. Calculate the remainder when 14/(-1)*5/(-2) is divided by k.
9
What is the remainder when 998 is divided by (-1980)/(-22) - 5*-2?
98
Let h = -341 + 349. What is the remainder when 91 is divided by h?
3
Suppose -9*d = -8*d + 12. Let j(m) = 4*m - 20. Let r(i) = -3*i + 19. Let q(y) = 4*j(y) + 5*r(y). What is the remainder when q(d) is divided by 3?
0
Let b(y) = y**3 + 6*y**2 + 4*y - 5. Let f be b(-5). Suppose 5*x = t + 269, f*x - 2*x + 2*t + 106 = 0. Calculate the remainder when 215 is divided by x.
53
Suppose -2 = 3*d + 4*u - 14, 4*u = -4*d + 16. What is the remainder when 12 is divided by d?
0
Let m(g) = -g**3 + 8*g**2 + 7*g + 39. Suppose r = 4 + 4. What is the remainder when m(9) is divided by r?
5
What is the remainder when 49 is divided by (-1692)/(-162) - 8/18?
9
Let t(z) be the third derivative of -z**5/60 + z**4/6 + 11*z**3/6 - 3*z**2. What is the remainder when 15 is divided by t(5)?
3
Let i = -174 + 186. Suppose -201 = -5*y + 34. Calculate the remainder when y is divided by i.
11
Let c = -30 - -38. Let f(m) = m**3 - 8*m**2 + m. What is the remainder when 30 is divided by f(c)?
6
Suppose 2*l = 2, -4*l + 5 = h + l. Suppose 0 = 4*x - 3*v - h - 1, 0 = -4*x + 2*v + 2. Calculate the remainder when 3 is divided by x.
0
Suppose y = -2*g + 36, -5*g - 2*y + 104 - 13 = 0. Suppose 5*h = 6*h. Calculate the remainder when h + -3 + 152/2 is divided by g.
16
Let l(v) = 2*v**2 - 2*v - 10. Calculate the remainder when l(7) is divided by 19.
17
Suppose -2*b = -3*b - 14. Let h(x) = -3*x - 28. Calculate the remainder when h(b) is divided by 9.
5
Suppose 8*l - 3*l + a = 387, -2*a = -l + 84. What is the remainder when 227 is divided by l?
71
Let c(s) = s**2 + s + 2. Let q be c(3). Suppose -2*k + 2*z = -126, 2*k - q = -3*z + 92. Let p = 1051 - 1041. What is the remainder when k is divided by p?
9
Let g = 14 + -10. Suppose -4*r = -12 + g. Suppose -5*q + 93 = 2*l, -r*l - 3*l + 3 = -q. What is the remainder when 65 is divided by q?
14
Suppose -3*u + 9 = 0, -2*n + 5*u = -4*n + 11. Let i be n/((-1)/((-12)/(-8))). Let t = i - -16. Calculate the remainder when 75 is divided by t.
18
Let n(g) = g**2 + 5*g - 3. Let q(m) = m**2 + 6*m - 3. Let y(p) = 4*n(p) - 3*q(p). Calculate the remainder when y(3) is divided by 5.
2
Let u(g) = -g + 15. Let r(a) = -a - 1. Let l be r(-6). What is the remainder when (-378)/(-10) + 5 - (-1)/l is divided by u(0)?
13
Suppose -5*p + 6 = -14. Suppose -4*c + 63 = -5*r - 21, -146 = -5*c - p*r. What is the remainder when 50 is divided by c?
24
Suppose 4*i - 853 = 3*l, 189 = 3*i + 2*l - 472. Calculate the remainder when i is divided by 4.
1
Let k = 8 - 6. Let o = 6096 + -6055. Calculate the remainder when o is divided by 2*((-33)/k)/(-3).
8
Let j = 12 + -8. Let w = -114 + 181. What is the remainder when w is divided by (621/(-54))/((-2)/j)?
21
What is the remainder when 2/((-2424)/(-604) + -4)*1 is divided by 17?
15
L